e g(-1).
-162
Let b(v) = -203920*v + 34666390. Give b(170).
-10
Let h(g) = 9746*g + 107145. Determine h(-11).
-61
Let q(w) = -3*w**3 - 99*w**2 + 14*w + 372. Give q(-33).
-90
Let z(p) = p**3 - 62*p**2 + 443*p + 71. What is z(10)?
-699
Let i(v) = 5254*v + 32086. Determine i(-6).
562
Let l(w) = -3370*w + 626553. Determine l(186).
-267
Let z(j) = j**2 + 1068*j - 159739. Calculate z(133).
-6
Let x(a) = -352683*a - 1058045. What is x(-3)?
4
Let j(m) = 54942*m - 659300. Give j(12).
4
Let s(u) = -14*u**2 - 86791*u - 86790. Calculate s(-1).
-13
Let f(z) = z**3 - 24*z**2 - 1143*z + 20745. Determine f(18).
-1773
Let h(q) = -3*q**3 + 67*q**2 + 3270*q - 170. Determine h(46).
14
Let h(g) = 1315*g - 48649. Calculate h(37).
6
Let d(s) = s**2 - 299*s + 10664. Calculate d(39).
524
Let s(q) = -7*q**2 - 1025*q - 10806. Calculate s(-135).
-6
Let h(p) = -16*p**2 - 2397*p + 362. What is h(-150)?
-88
Let n(q) = q**3 - 20*q**2 + 50*q + 64. What is n(13)?
-469
Let o(m) = 432*m**2 + 62*m + 59. Calculate o(-1).
429
Let m(d) = 23859*d - 2457476. Determine m(103).
1
Let m(b) = -4325*b - 38876. Give m(-9).
49
Let k(a) = -13208*a - 13220. What is k(-1)?
-12
Let s(m) = 9*m**2 - 826*m + 732. What is s(91)?
95
Let t(j) = j**3 + 131*j**2 - 2189*j + 35. Determine t(15).
50
Let y(a) = -a**2 - 451*a + 26272. Determine y(52).
116
Let z(c) = 339*c + 87524. Give z(-258).
62
Let r(p) = p**2 + p - 60. Calculate r(7).
-4
Let n(g) = -15185*g - 258130. Determine n(-17).
15
Let n(i) = 1834596*i - 5503788. Calculate n(3).
0
Let z(f) = -3*f**3 + 2010*f**2 + 178*f - 119265. What is z(670)?
-5
Let y(a) = -a**3 - 86*a**2 + 76*a + 20293. Determine y(-84).
-203
Let r(h) = -19*h**2 + 55*h + 139. Calculate r(11).
-1555
Let y(r) = 3676*r**2 + 55146*r + 51. Determine y(-15).
-39
Let o(j) = 12*j**2 + 1387*j + 9892. What is o(-108)?
64
Let c(a) = 6*a**2 - 15199*a + 991380. Give c(67).
-19
Let b(k) = -166*k**2 + 745*k - 2227. What is b(3)?
-1486
Let t(n) = -n**2 - 54*n - 503. Give t(-36).
145
Let f(d) = d**2 - 30988*d + 557461. What is f(18)?
1
Let h(a) = 538*a - 10655. What is h(20)?
105
Let k(q) = -q**3 + 48*q**2 - 144*q + 6. Calculate k(3).
-21
Let b(w) = -w**3 - 33*w**2 + 285*w + 7439. Calculate b(-35).
-86
Let f(r) = -17*r**2 - 322*r + 2063. What is f(-24)?
-1
Let v(h) = 8767*h + 3901326. What is v(-445)?
11
Let n(c) = -2427*c + 487789. What is n(201)?
-38
Let p(i) = -i**2 + 155*i + 1552. Give p(-11).
-274
Let y(h) = 20*h**3 + 2*h**2 + 110*h - 465. Give y(5).
2635
Let c(u) = -95*u**2 - 29070*u - 96. Calculate c(-306).
-96
Let z(j) = -2*j**3 - 780*j**2 + 13835*j - 1225. Calculate z(-407).
-4
Let x(c) = c**2 + 384*c + 4065. Give x(-9).
690
Let i(y) = -114*y + 10639. Calculate i(93).
37
Let q(c) = c**3 - 55*c**2 + 550*c - 2902. What is q(44)?
2
Let w(t) = 1393*t + 48357. Give w(-34).
995
Let n(f) = 2*f**2 + 1817*f + 12618. What is n(-7)?
-3
Let n(i) = 1046*i**2 - 14*i - 1. Give n(1).
1031
Let d(w) = -62*w + 1553. What is d(24)?
65
Let n(f) = 3457*f + 11297. Calculate n(-3).
926
Let c(q) = -7338*q + 139296. What is c(19)?
-126
Let c(g) = 9*g**2 + 2921*g + 185938. Determine c(-87).
-68
Let d(i) = 931*i + 5789. Calculate d(-6).
203
Let q(v) = 2*v**3 + 261*v**2 - 638*v + 1613. Give q(-133).
-1978
Let k(d) = -80659*d - 1048761. Determine k(-13).
-194
Let o(p) = -1102*p - 53996. Give o(-49).
2
Let z(u) = -u**2 + 2663*u + 37504. Calculate z(-14).
26
Let d(m) = -31*m**2 - 4149*m + 20716. Determine d(5).
-804
Let z(t) = 2*t**3 - 23*t**2 - 40*t + 450. Calculate z(12).
114
Let n(o) = 2*o**3 + 65*o**2 + 316*o + 9277. Calculate n(-32).
189
Let y(n) = -65821*n + 789863. What is y(12)?
11
Let b(s) = s**2 + 229*s - 13257. Give b(49).
365
Let t(o) = -4*o**2 + 623*o - 178. Calculate t(153).
1505
Let j(g) = -g**3 - 9*g**2 + 5116*g + 51057. Calculate j(-10).
-3
Let z(l) = 238*l**2 + 2225*l + 43. What is z(-9)?
-704
Let d(n) = -9440*n + 18912. Calculate d(2).
32
Let p(w) = 2*w**3 + 12*w**2 - 5*w - 44. Determine p(4).
256
Let n(t) = -181*t**2 + 33170*t - 41490. Give n(182).
6
Let h(m) = m**3 - 16*m**2 - 1915*m + 30629. Calculate h(16).
-11
Let h(k) = -10*k**2 - 19318*k - 38569. Calculate h(-2).
27
Let r(d) = -2*d**3 + 22*d**2 - 3482*d + 20537. Give r(6).
5
Let s(g) = 266*g + 1196. Calculate s(-5).
-134
Let f(x) = 2*x**3 + 87*x**2 + 58*x + 196. Calculate f(-43).
-449
Let u(c) = -5*c**3 - 280*c**2 - c - 69. Calculate u(-56).
-13
Let q(t) = -1992*t - 41482. Determine q(-20).
-1642
Let w(t) = -2*t**3 + 237*t**2 - 1349*t - 16. Give w(6).
-10
Let t(l) = 27*l**2 + 2868*l - 63345. Give t(-125).
30
Let t(h) = -2*h**3 + 42*h**2 - 246*h + 321. Determine t(8).
17
Let b(d) = 5*d**2 - 182*d + 1843. Give b(42).
3019
Let k(f) = -39*f**3 - 5070*f**2 - 2*f - 441. What is k(-130)?
-181
Let p(a) = 37022*a + 185023. What is p(-5)?
-87
Let n(i) = -2694*i - 56548. Determine n(-21).
26
Let h(y) = 11*y**2 - 63*y - 415. What is h(-8)?
793
Let w(s) = -s**2 - 5305*s - 37080. Calculate w(-7).
6
Let f(x) = -84193*x - 11281873. Give f(-134).
-11
Let k(t) = 13*t**2 + 559*t + 5508. Calculate k(-26).
-238
Let u(f) = -3*f**3 + 61*f**2 - 79*f - 66. Determine u(19).
-123
Let r(i) = i**2 + 7116*i - 1636600. Give r(223).
-3
Let b(s) = -125472*s - 250931. Give b(-2).
13
Let k(d) = -64852*d + 9598121. Determine k(148).
25
Let l(h) = -3*h**3 - 908*h**2 - 11017*h + 869. Determine l(-290).
-1
Let l(k) = k**2 - 265100*k + 530197. What is l(2)?
1
Let y(x) = -514*x**2 + 99*x + 321. Calculate y(-3).
-4602
Let m(c) = 7*c**3 - 560*c**2 - 9*c - 196. What is m(80)?
-916
Let c(m) = m**3 + 41*m**2 + 171*m + 77. Give c(-5).
122
Let k(d) = -3229*d - 42936. Give k(-14).
2270
Let p(r) = -r**3 - 58*r**2 + 43*r + 8680. Determine p(-56).
0
Let l(y) = 3072*y - 27564. Calculate l(9).
84
Let n(s) = 1155*s**2 - 31186*s - 5. Give n(27).
-32
Let j(o) = 17*o**2 - 183*o - 1172. Calculate j(15).
-92
Let o(l) = -l**2 - 25170*l + 226573. Give o(9).
-38
Let f(m) = -196*m - 37289. What is f(-190)?
-49
Let u(y) = 8*y**2 - 1439*y + 23308. Determine u(18).
-2
Let a(c) = -c**3 + 40*c**2 - 1331*c + 56198. What is a(41)?
-54
Let y(m) = -877460*m - 5264741. Give y(-6).
19
Let q(u) = 2*u**3 - 40*u**2 + 44*u - 348. Calculate q(20).
532
Let p(c) = 7884*c**2 - 70932*c - 232. Give p(9).
-16
Let a(l) = -4*l**2 - 262*l - 27. What is a(-62)?
841
Let x(k) = k**2 + 1049*k - 33256. Give x(31).
224
Let o(l) = 59885*l - 7006546. Give o(117).
-1
Let j(i) = i**2 - 276*i - 34507. Determine j(-93).
-190
Let a(c) = 4*c**2 + 3*c - 4. Calculate a(11).
513
Let z(d) = d**3 + 291*d**2 - 110*d - 31584. What is z(-291)?
426
Let i(d) = d**3 + 172*d**2 + 585*d + 41696. Determine i(-170).
46
Let s(w) = 367*w + 51. Calculate s(0).
51
Let l(a) = a**3 - 42*a**2 - 255*a + 14436. Calculate l(39).
-72
Let h(x) = -4333*x + 285904. Give h(66).
-74
Let d(t) = 2*t**2 - 488*t - 5389. What is d(253)?
-835
Let v(z) = -z**3 + 4*z**2 - 72*z + 398. What is v(5)?
13
Let w(r) = 275596*r - 4133940. Calculate w(15).
0
Let g(a) = -a**2 - 213*a + 10247. Determine g(40).
127
Let a(x) = 3*x**3 - 6*x**2 - 59*x + 40. Determine a(5).
-30
Let g(y) = 9*y**3 - 1872*y**2 - y + 218. What is g(208)?
10
Let d(u) = 3*u**3 - 133*u**2 + 1428*u - 3. Determine d(18).
105
Let g(b) = -134*b**3 + 523*b**2 - 26*b + 174. Calculate g(4).
-138
Let l(b) = b**2 + 11449*b - 229364. Determine l(20).
16
Let v(a) = 47*a**3 - 47*a**2 + 52*a - 5. Determine v(1).
47
Let p(m) = 2*m**2 + 1430*m + 126097. Give p(-103).
25
Let l(u) = 74*u**2 + 1468*u + 26. Give l(-20).
266
Let p(g) = -5*g**2 + 420*g + 3682. What is p(92)?
2
Let f(h) = -123*h + 11116. Give f(87).
415
Let p(o) = -391*o**2 + 74299*o - 1751. Determine p(190).
-41
Let f(y) = -2*y**3 - 197*y**2 + 49*y - 8427. What is f(-99)?
-3477
Let n(u) = 1943*u - 75790. Determine n(39).
-13
Let q(p) = 20*p**2 + 41*p - 320. Determine q(-6).
154
Let r(j) = 13*j**2 + 865*j + 10054. Give r(-15).
4
Let f(x) = -9*x**2 - 131*x - 851. Calculate f(-8).
-379
Let z(t) = 8799*t - 3422806. Give z(389).
5
Let i(u) = 63768*u + 3379730. Determine i(-53).
26
Let g(s) = 3259*s - 329181. Determine g(101).
-22
Let p(u) = u**3 - 59*u**2 - 787*u + 1194. Calculate p(70).
4
Let g(d) = 6463*d - 187302. What is g(29)?
125
Let b(w) = 7*w**3 + 101*w**2 + 351*w + 5. Give b(-4).
-231
Let u(k) = 134691*k - 673621. What is u(5)?
-166
Let z(c) = -213*c**3 + 43873*c**2